{"id":2542,"date":"2021-07-30T16:57:30","date_gmt":"2021-07-30T16:57:30","guid":{"rendered":"https:\/\/blog.comicsbarcelona.com\/?post_type=mec-events&#038;p=2542"},"modified":"2021-07-30T16:57:30","modified_gmt":"2021-07-30T16:57:30","slug":"primera-aparicion-de-batman-988-742-888-463","status":"publish","type":"mec-events","link":"https:\/\/blog.comicsbarcelona.com\/index.php\/events\/primera-aparicion-de-batman-988-742-888-463\/","title":{"rendered":"Primera aparici\u00f3n del Escuadr\u00f3n Suicida"},"content":{"rendered":"<p>La primera de las m\u00faltiples versiones del <b><i>Escuadr\u00f3n Suicida<\/i><\/b>, vio la luz por primera vez en el <strong>n\u00famero 25<\/strong> de la serie <em><strong>The Brave and the Bold<\/strong><\/em> , en <strong>septiembre de 1959<\/strong>.<\/p>\n<p>Sin embargo, la encarnaci\u00f3n m\u00e1s recordada y en la que se basa el canon actual tanto en cine como en c\u00f3mics, fue la que cre\u00f3 el guionista<em><strong> John Ostrander<\/strong><\/em> para la miniserie <em><strong>Legends<\/strong><\/em>, junto a <em><strong>John Byrne<\/strong><\/em>, publicada en <em><strong>enero de 1987<\/strong><\/em>.<\/p>\n<p><span style=\"font-weight: 400;\">[imacPrestashop_categorias cant_productos=&#8221;3&#8243; categoria=&#8221;195&#8243; idioma=&#8221;1&#8243;]<\/span><\/p>\n","protected":false},"excerpt":{"rendered":"<p>La primera de las m\u00faltiples versiones del Escuadr\u00f3n Suicida, vio la luz por primera vez en el n\u00famero 25 de la serie The Brave and the Bold , en septiembre de 1959. Sin embargo, la encarnaci\u00f3n m\u00e1s recordada y en la que se basa el canon actual tanto en cine como en c\u00f3mics, fue la [&hellip;]<\/p>\n","protected":false},"author":1,"featured_media":2543,"comment_status":"closed","ping_status":"closed","template":"","tags":[],"mec_category":[54,72],"_links":{"self":[{"href":"https:\/\/blog.comicsbarcelona.com\/index.php\/wp-json\/wp\/v2\/mec-events\/2542"}],"collection":[{"href":"https:\/\/blog.comicsbarcelona.com\/index.php\/wp-json\/wp\/v2\/mec-events"}],"about":[{"href":"https:\/\/blog.comicsbarcelona.com\/index.php\/wp-json\/wp\/v2\/types\/mec-events"}],"author":[{"embeddable":true,"href":"https:\/\/blog.comicsbarcelona.com\/index.php\/wp-json\/wp\/v2\/users\/1"}],"replies":[{"embeddable":true,"href":"https:\/\/blog.comicsbarcelona.com\/index.php\/wp-json\/wp\/v2\/comments?post=2542"}],"wp:featuredmedia":[{"embeddable":true,"href":"https:\/\/blog.comicsbarcelona.com\/index.php\/wp-json\/wp\/v2\/media\/2543"}],"wp:attachment":[{"href":"https:\/\/blog.comicsbarcelona.com\/index.php\/wp-json\/wp\/v2\/media?parent=2542"}],"wp:term":[{"taxonomy":"post_tag","embeddable":true,"href":"https:\/\/blog.comicsbarcelona.com\/index.php\/wp-json\/wp\/v2\/tags?post=2542"},{"taxonomy":"mec_category","embeddable":true,"href":"https:\/\/blog.comicsbarcelona.com\/index.php\/wp-json\/wp\/v2\/mec_category?post=2542"}],"curies":[{"name":"wp","href":"https:\/\/api.w.org\/{rel}","templated":true}]}}

Primera aparición del Escuadrón Suicida

<p>La primera de las múltiples versiones del <b><i>Escuadrón Suicida</i></b>, vio la luz por primera vez en el <strong>número 25</strong> de la serie <em><strong>The Brave and the Bold</strong></em> , en <strong>septiembre de 1959</strong>.</p>
<p>Sin embargo, la encarnación más recordada y en la que se basa el canon actual tanto en cine como en cómics, fue la que creó el guionista<em><strong> John Ostrander</strong></em> para la miniserie <em><strong>Legends</strong></em>, junto a <em><strong>John Byrne</strong></em>, publicada en <em><strong>enero de 1987</strong></em>.</p>
<p><span style="font-weight: 400;">[imacPrestashop_categorias cant_productos=&#8221;3&#8243; categoria=&#8221;195&#8243; idioma=&#8221;1&#8243;]</span></p>

<p>La primera de las múltiples versiones del Escuadrón Suicida, vio la luz por primera vez en el número 25 de la serie The Brave and the Bold , en septiembre de 1959. Sin embargo, la encarnación más recordada y en la que se basa el canon actual tanto en cine como en cómics, fue la [&hellip;]</p>
