{"id":2587,"date":"2021-08-04T09:30:00","date_gmt":"2021-08-04T09:30:00","guid":{"rendered":"https:\/\/blog.comicsbarcelona.com\/?post_type=mec-events&#038;p=2587"},"modified":"2021-08-04T09:30:00","modified_gmt":"2021-08-04T09:30:00","slug":"primera-aparicion-de-batman-988-742-139","status":"publish","type":"mec-events","link":"https:\/\/blog.comicsbarcelona.com\/index.php\/events\/primera-aparicion-de-batman-988-742-139\/","title":{"rendered":"Estreno de Joker"},"content":{"rendered":"<p>Entre <strong>el 3 y el 4 de octubre<\/strong> de <strong>2019<\/strong>, tuvo lugar el <strong>estreno mundial<\/strong> de la pel\u00edcula <strong><em>Joker<\/em><\/strong>, dirigida por <em><strong>Todd Phillips<\/strong><\/em> y protagonizada por <em><strong>Joaquin Phoenix<\/strong><\/em>.<\/p>\n<p>La pel\u00edcula, con unos referentes claros en la filmograf\u00eda de <em><strong>Martin Scorsese<\/strong><\/em>, se aleja por completo de las cintas de superh\u00e9roes tradicionales para ofrecernos una visi\u00f3n<strong> introspectiva e intimista<\/strong> de un individuo llamado <em><strong>Arthur Fleck<\/strong><\/em> que acabar\u00e1 siendo conocido como <em><strong>Joker<\/strong><\/em>.<\/p>\n<p>A pesar de la aparici\u00f3n de personajes como la familia <em><strong>Wayne<\/strong><\/em>, la pel\u00edcula, y hasta el momento de escribir este art\u00edculo, no tiene ning\u00fan tipo de conexi\u00f3n con el resto del universo superher\u00f3ico creado por <em><strong>DC Comics<\/strong><\/em> para el cine.<\/p>\n<p><span style=\"font-weight: 400;\">[imacPrestashop_categorias cant_productos=&#8221;3&#8243; categoria=&#8221;141&#8243; idioma=&#8221;1&#8243;]<\/span><\/p>\n","protected":false},"excerpt":{"rendered":"<p>Entre el 3 y el 4 de octubre de 2019, tuvo lugar el estreno mundial de la pel\u00edcula Joker, dirigida por Todd Phillips y protagonizada por Joaquin Phoenix. La pel\u00edcula, con unos referentes claros en la filmograf\u00eda de Martin Scorsese, se aleja por completo de las cintas de superh\u00e9roes tradicionales para ofrecernos una visi\u00f3n introspectiva [&hellip;]<\/p>\n","protected":false},"author":1,"featured_media":2588,"comment_status":"closed","ping_status":"closed","template":"","tags":[],"mec_category":[54,63],"_links":{"self":[{"href":"https:\/\/blog.comicsbarcelona.com\/index.php\/wp-json\/wp\/v2\/mec-events\/2587"}],"collection":[{"href":"https:\/\/blog.comicsbarcelona.com\/index.php\/wp-json\/wp\/v2\/mec-events"}],"about":[{"href":"https:\/\/blog.comicsbarcelona.com\/index.php\/wp-json\/wp\/v2\/types\/mec-events"}],"author":[{"embeddable":true,"href":"https:\/\/blog.comicsbarcelona.com\/index.php\/wp-json\/wp\/v2\/users\/1"}],"replies":[{"embeddable":true,"href":"https:\/\/blog.comicsbarcelona.com\/index.php\/wp-json\/wp\/v2\/comments?post=2587"}],"wp:featuredmedia":[{"embeddable":true,"href":"https:\/\/blog.comicsbarcelona.com\/index.php\/wp-json\/wp\/v2\/media\/2588"}],"wp:attachment":[{"href":"https:\/\/blog.comicsbarcelona.com\/index.php\/wp-json\/wp\/v2\/media?parent=2587"}],"wp:term":[{"taxonomy":"post_tag","embeddable":true,"href":"https:\/\/blog.comicsbarcelona.com\/index.php\/wp-json\/wp\/v2\/tags?post=2587"},{"taxonomy":"mec_category","embeddable":true,"href":"https:\/\/blog.comicsbarcelona.com\/index.php\/wp-json\/wp\/v2\/mec_category?post=2587"}],"curies":[{"name":"wp","href":"https:\/\/api.w.org\/{rel}","templated":true}]}}

<p>Entre <strong>el 3 y el 4 de octubre</strong> de <strong>2019</strong>, tuvo lugar el <strong>estreno mundial</strong> de la película <strong><em>Joker</em></strong>, dirigida por <em><strong>Todd Phillips</strong></em> y protagonizada por <em><strong>Joaquin Phoenix</strong></em>.</p>
<p>La película, con unos referentes claros en la filmografía de <em><strong>Martin Scorsese</strong></em>, se aleja por completo de las cintas de superhéroes tradicionales para ofrecernos una visión<strong> introspectiva e intimista</strong> de un individuo llamado <em><strong>Arthur Fleck</strong></em> que acabará siendo conocido como <em><strong>Joker</strong></em>.</p>
<p>A pesar de la aparición de personajes como la familia <em><strong>Wayne</strong></em>, la película, y hasta el momento de escribir este artículo, no tiene ningún tipo de conexión con el resto del universo superheróico creado por <em><strong>DC Comics</strong></em> para el cine.</p>
<p><span style="font-weight: 400;">[imacPrestashop_categorias cant_productos=&#8221;3&#8243; categoria=&#8221;141&#8243; idioma=&#8221;1&#8243;]</span></p>

<p>Entre el 3 y el 4 de octubre de 2019, tuvo lugar el estreno mundial de la película Joker, dirigida por Todd Phillips y protagonizada por Joaquin Phoenix. La película, con unos referentes claros en la filmografía de Martin Scorsese, se aleja por completo de las cintas de superhéroes tradicionales para ofrecernos una visión introspectiva [&hellip;]</p>
