{"id":2687,"date":"2021-08-19T16:56:01","date_gmt":"2021-08-19T16:56:01","guid":{"rendered":"https:\/\/blog.comicsbarcelona.com\/?post_type=mec-events&#038;p=2687"},"modified":"2021-08-19T16:56:01","modified_gmt":"2021-08-19T16:56:01","slug":"primera-aparicion-de-batman-914-612-967-129","status":"publish","type":"mec-events","link":"https:\/\/blog.comicsbarcelona.com\/index.php\/events\/primera-aparicion-de-batman-914-612-967-129\/","title":{"rendered":"Nacimiento de Gene Colan"},"content":{"rendered":"<p>El <b>1 de septiembre de 1926,<\/b> nac\u00eda Gene Colan en el barrio de<b> El Bronx, <\/b>en <em>New York<\/em><b>.<\/b><\/p>\n<p><em>Colan<\/em> comenz\u00f3 su carrera art\u00edstica en 1944 trabajando en serie de aventuras centradas en las peripecias de los aviadores en <em><strong>Wing Comics<\/strong><\/em>, para recalar en la futura <em><strong>Marvel Comics<\/strong><\/em> (entonces <em><strong>Timely<\/strong><\/em>) en 1946.<\/p>\n<p>Autor de cientos de p\u00e1ginas tanto\u00a0 para las dos grandes editoriales como para otras muchas, sus trabajos m\u00e1s destacables se encuentran sin duda a los l\u00e1pices de <em><strong>Dr\u00e1cula<\/strong> <\/em>junto a <em><strong>Marv Wolfman<\/strong><\/em> y de <em><strong>Batman<\/strong> <\/em>junto a <em><strong>Gerry Conway<\/strong><\/em>.<\/p>\n<p><span style=\"font-weight: 400;\">[imacPrestashop_categorias cant_productos=&#8221;3&#8243; categoria=&#8221;31&#8243; idioma=&#8221;1&#8243;]<\/span><\/p>\n","protected":false},"excerpt":{"rendered":"<p>El 1 de septiembre de 1926, nac\u00eda Gene Colan en el barrio de El Bronx, en New York. Colan comenz\u00f3 su carrera art\u00edstica en 1944 trabajando en serie de aventuras centradas en las peripecias de los aviadores en Wing Comics, para recalar en la futura Marvel Comics (entonces Timely) en 1946. Autor de cientos de [&hellip;]<\/p>\n","protected":false},"author":1,"featured_media":2689,"comment_status":"closed","ping_status":"closed","template":"","tags":[],"mec_category":[86,54,53],"_links":{"self":[{"href":"https:\/\/blog.comicsbarcelona.com\/index.php\/wp-json\/wp\/v2\/mec-events\/2687"}],"collection":[{"href":"https:\/\/blog.comicsbarcelona.com\/index.php\/wp-json\/wp\/v2\/mec-events"}],"about":[{"href":"https:\/\/blog.comicsbarcelona.com\/index.php\/wp-json\/wp\/v2\/types\/mec-events"}],"author":[{"embeddable":true,"href":"https:\/\/blog.comicsbarcelona.com\/index.php\/wp-json\/wp\/v2\/users\/1"}],"replies":[{"embeddable":true,"href":"https:\/\/blog.comicsbarcelona.com\/index.php\/wp-json\/wp\/v2\/comments?post=2687"}],"wp:featuredmedia":[{"embeddable":true,"href":"https:\/\/blog.comicsbarcelona.com\/index.php\/wp-json\/wp\/v2\/media\/2689"}],"wp:attachment":[{"href":"https:\/\/blog.comicsbarcelona.com\/index.php\/wp-json\/wp\/v2\/media?parent=2687"}],"wp:term":[{"taxonomy":"post_tag","embeddable":true,"href":"https:\/\/blog.comicsbarcelona.com\/index.php\/wp-json\/wp\/v2\/tags?post=2687"},{"taxonomy":"mec_category","embeddable":true,"href":"https:\/\/blog.comicsbarcelona.com\/index.php\/wp-json\/wp\/v2\/mec_category?post=2687"}],"curies":[{"name":"wp","href":"https:\/\/api.w.org\/{rel}","templated":true}]}}

<p>El <b>1 de septiembre de 1926,</b> nacía Gene Colan en el barrio de<b> El Bronx, </b>en <em>New York</em><b>.</b></p>
<p><em>Colan</em> comenzó su carrera artística en 1944 trabajando en serie de aventuras centradas en las peripecias de los aviadores en <em><strong>Wing Comics</strong></em>, para recalar en la futura <em><strong>Marvel Comics</strong></em> (entonces <em><strong>Timely</strong></em>) en 1946.</p>
<p>Autor de cientos de páginas tanto  para las dos grandes editoriales como para otras muchas, sus trabajos más destacables se encuentran sin duda a los lápices de <em><strong>Drácula</strong> </em>junto a <em><strong>Marv Wolfman</strong></em> y de <em><strong>Batman</strong> </em>junto a <em><strong>Gerry Conway</strong></em>.</p>
<p><span style="font-weight: 400;">[imacPrestashop_categorias cant_productos=&#8221;3&#8243; categoria=&#8221;31&#8243; idioma=&#8221;1&#8243;]</span></p>

<p>El 1 de septiembre de 1926, nacía Gene Colan en el barrio de El Bronx, en New York. Colan comenzó su carrera artística en 1944 trabajando en serie de aventuras centradas en las peripecias de los aviadores en Wing Comics, para recalar en la futura Marvel Comics (entonces Timely) en 1946. Autor de cientos de [&hellip;]</p>
